 a(-1). Let p = 0 - 0. Suppose -b + p*b + 16 = 0. Calculate the highest common factor of b and u.
8
Let b(u) = 13*u - 3. Let a be b(2). What is the highest common factor of 92 and a?
23
Suppose 3*h - 47 = 2*v - 9, 7 = 2*h - 5*v. What is the greatest common factor of h and 48?
16
Suppose 4*c - 4*x = 20, c - 9 = -c + x. Suppose o + 3 = 35. Calculate the greatest common factor of c and o.
4
Suppose 2*o + 3*n = -2*n + 107, -150 = -3*o + 3*n. Calculate the highest common factor of 3 and o.
3
Let w = -5 + 113. Suppose -4*z + 2*z = 14. Let i = 5 - z. What is the greatest common divisor of w and i?
12
Let v = 38 - -10. What is the highest common divisor of v and 64?
16
Suppose -4*t = 5*d + 6, -d + 2*d + 4*t + 14 = 0. Let v = 3 + -4. Let k = d + v. Calculate the highest common divisor of 5 and k.
1
Suppose 4*f + 1 = -r + 4*r, r - 2*f = -3. Calculate the highest common divisor of r and 63.
7
Suppose -3*f + 5*f = 28. Calculate the highest common divisor of f and 28.
14
Suppose 2*j + 0*i - 129 = -i, -2*j + 4*i + 114 = 0. Let b(v) = 7*v + 7. Let g be b(0). What is the greatest common divisor of j and g?
7
Suppose -18 = 3*u - 198. Let y(g) = g**2 + 3*g - 50. Let v be y(7). Calculate the greatest common factor of v and u.
20
Suppose 296 = 11*n - 166. Calculate the greatest common factor of 12 and n.
6
Suppose y + 2*c - 3*c = 5, 5*y = c + 13. Suppose -y*l - 14 = -4*h, h - 3 = -l + 2. Let j be 8/3*(-24)/(-16). What is the highest common factor of h and j?
4
Let b(q) = q**2 - 6*q - 4. Let y be b(-4). Suppose -5 = -5*u, -43 = -4*s + u + 52. What is the highest common factor of s and y?
12
Suppose -5*f + 155 + 179 = 2*v, -5*f + 332 = v. Suppose 0 = b - a - 20, 0*a + 25 = b - 2*a. Let k = b + -9. What is the highest common factor of k and f?
6
Let k = -9 - -14. Suppose y - 2*y = -k*b - 15, 0 = -b - 2*y + 8. Let c be 1 + (-6)/(b*1). Calculate the highest common divisor of c and 36.
4
Let v be (-2)/(-4)*2*2. Suppose -v*y + 11 = -y. Let w be -20*(-22)/(-8)*-1. Calculate the highest common divisor of w and y.
11
Let t be ((-12)/(-10))/((-9)/(-675)). Calculate the highest common factor of 36 and t.
18
Let j be (-33)/(-7) + 12/42. Suppose -6*h + j*h + 3*x = -16, -x + 28 = 3*h. Calculate the greatest common divisor of 4 and h.
2
Let y = 159 + -9. Calculate the highest common factor of y and 15.
15
Suppose 15*x - 21 - 24 = 0. Calculate the greatest common factor of x and 6.
3
Suppose -5*v - 2*a + 266 = 0, 11 - 9 = -a. Let h(p) = 19*p - 1. Let f be h(1). What is the greatest common divisor of v and f?
18
Let l(o) = -o + 8. Let s be l(8). Let j be 57*(-3 - s)/(-3). What is the greatest common divisor of 38 and j?
19
Let n be (-1)/4 - (-3971)/76. What is the greatest common factor of 13 and n?
13
Let i = 59 + 9. Calculate the highest common factor of i and 102.
34
Let h be (-5 - 3)/((-2)/2). What is the greatest common factor of h and 24?
8
Suppose -5*r = -2*p + 97, 3*p - 2*r - 113 = -r. Calculate the greatest common divisor of 90 and p.
18
Let x = -12 + 17. Suppose 0 = -4*g + 10*g - 330. Calculate the highest common factor of g and x.
5
Suppose -7 = -4*l + 37. What is the highest common divisor of l and 33?
11
Suppose 2*a = 7 + 1. Let n be 5/(-20) + 25/a. Calculate the highest common divisor of 6 and n.
6
Suppose 0 = -3*d + 6, -q + 5*q - 44 = -2*d. Suppose 2*j = -4*u + 90, -u + 0*u + 5*j + 50 = 0. What is the greatest common factor of u and q?
5
Suppose 0 = 3*t - 4*i - 64, 2*i - 69 = -2*t - 17. What is the highest common factor of t and 6?
6
Suppose 4*j = 2*z - 62 + 2, -3*j = -4*z + 140. Calculate the highest common divisor of 95 and z.
19
Let p be (-170)/(-30) + (-4)/6. Let f = p + 14. Suppose 0 = l - 293 + 84. Calculate the greatest common divisor of l and f.
19
Let a(r) = 17*r**2 - 2*r + 1. Let n be a(1). Suppose 2*q = d - 40, -2*q + 76 = 3*d - 20. Let h = d - n. What is the greatest common factor of 12 and h?
6
Let l(c) be the first derivative of c**4/2 - c**3/3 - 5. Let s be l(3). What is the greatest common divisor of s and 9?
9
Let y be 0/1 - 0 - 0. Suppose l + l + 4 = y. Let g be (6/l)/((-6)/20). What is the highest common divisor of 40 and g?
10
Let n be (36/8)/(12/16). Let r(c) = 22*c - 4. Let b be r(n). Calculate the greatest common factor of 16 and b.
16
Let q(y) = -y**3 - y**2 + 1. Let i(b) = b**3. Let c(p) = 2*i(p) + q(p). Let u be c(2). Suppose -12 = -3*l + 3. What is the greatest common factor of u and l?
5
Let w = -8 + 15. Calculate the greatest common divisor of 28 and w.
7
Let p = 6 - 3. Suppose -m = -0*m + 4*x - 3, p*x = -2*m + 16. What is the greatest common divisor of 99 and m?
11
Let q(f) = f**2 + 15*f + 16. Let p be q(-14). Let b be (-8)/(-10)*45/2. What is the highest common divisor of b and p?
2
Let s(z) = 21*z**2 - 3. Let h be s(2). Let i(d) = d**3 + 7*d**2 + 6*d + 7. Let y be i(-5). Calculate the highest common divisor of y and h.
27
Let a = 64 + -4. What is the highest common divisor of 40 and a?
20
Suppose 7 = 3*d - 8. Suppose 0 = -0*g - 4*g + 140. Calculate the greatest common divisor of g and d.
5
Suppose 4*k + 3 = 11. Let u be (-36)/(2/(-1))*k. Let j(y) = -y**2 + y + 24. Let i be j(0). Calculate the greatest common factor of u and i.
12
Suppose 19 = -x + 4*h, 6*h - 97 = 3*x + 2*h. Let v = -28 - x. What is the greatest common divisor of v and 99?
11
Suppose -2*f = -7 + 1. Let u(n) = -n + f + 2 + 2. Let q be u(5). Calculate the highest common factor of q and 8.
2
Let o = 3 + 21. Calculate the highest common factor of 264 and o.
24
Let l be ((-20)/(-6))/(6/(-9)). Let s = l + 12. What is the greatest common divisor of s and 14?
7
Let z = 25 + -24. Calculate the greatest common factor of 2 and z.
1
Let k be 0/1 + (10 - 1). Let f = -1 + 1. Suppose h - 4*h + 27 = f. Calculate the greatest common factor of h and k.
9
Let r = 75 - -145. Calculate the greatest common divisor of r and 20.
20
Let b(w) = 13*w. Let y be b(1). Calculate the greatest common factor of y and 117.
13
Suppose 2*h - 57 = 55. Calculate the greatest common divisor of h and 7.
7
Suppose -v = -0*v - 2*h - 264, 0 = -3*h. Calculate the greatest common factor of v and 24.
24
Suppose -v + 6*v = 300. Let k = -20 + 35. Calculate the greatest common divisor of v and k.
15
Suppose 4*n - 2*h - 20 = -6, 2*h - 31 = -5*n. What is the greatest common factor of 1 and n?
1
Let q = 18 - -3. Suppose 23*w - 16*w = 441. Calculate the highest common factor of w and q.
21
Let v(x) = -x + 6. Let r be v(-13). What is the highest common divisor of 19 and r?
19
Let o be ((-40)/8)/((-1)/2). Let m = 14 - 26. Let n be (o/4)/((-2)/m). What is the highest common factor of 45 and n?
15
Let h be (6/(-12))/((-1)/10). Calculate the greatest common divisor of 10 and h.
5
Suppose x + 1 - 2 = -3*c, -3*x = -3. Let w(v) = v**3 + v**2 + v + 119. Let g be w(c). What is the highest common divisor of g and 17?
17
Let o be (-2)/6 - 264/18. Let x be o/(-6)*(-4)/(-2). Suppose -x*m = -3*m - 72. What is the highest common factor of m and 4?
4
Let m(o) = o**2 + 4*o. Let u be m(-11). What is the greatest common factor of u and 11?
11
Let y be -2 + 376 + -1 + 1. Let k = -194 + y. What is the highest common divisor of k and 20?
20
Suppose -23*j + 168 = -19*j. Calculate the greatest common factor of 14 and j.
14
Suppose f + 1 = 5. Suppose -189 = -4*t + 3*h, -3*t - 8*h = -f*h - 123. What is the highest common divisor of 30 and t?
15
Suppose -5*b + 0*b + 70 = 0. Let n be 1576/b - 64/112. What is the greatest common divisor of 16 and n?
16
Let t be (6/(-4))/(3/(-72)). Suppose -5*o - 5*i + 65 = 0, -2*o + 6*i - 2 = i. What is the greatest common divisor of t and o?
9
Suppose -2*y - 83 = -281. Calculate the greatest common divisor of y and 9.
9
Let a = -105 - -215. Let p(v) = -v**3 - 7*v**2 - 8*v - 2. Let k be p(-6). Let m be a/3 + k/(-15). What is the highest common factor of m and 24?
12
Let w(z) = -2 + 3 - z**2 + 4*z + z. Let m be w(5). Let c = 14 - m. What is the greatest common factor of c and 26?
13
Let y = 48 - 30. Let c(w) = 2*w - 10. Let l be c(7). Let k be l/(-3)*(-15)/10. Calculate the greatest common divisor of y and k.
2
Suppose -3*a = -4*a - 11. Let b = a + 20. Let y = -32 + 113. What is the greatest common divisor of b and y?
9
Let a be ((-1 - -5) + 1)/1. Suppose 0 = -3*k + 5*b + 190, 4*k - 7*b = -4*b + 235. Calculate th